ts digit of y?
2
Let l(h) = 0 - 9 - 6*h + 4*h**2 + h**3 + 12. What is the units digit of l(-5)?
8
Let r(x) = -x**3 - 2*x**2 + 9*x - 6. What is the tens digit of r(-7)?
7
Let r(n) = -2*n**3 - 10*n**2 - 11*n - 15. What is the units digit of r(-6)?
3
Let u(r) be the second derivative of r**3/6 + 8*r**2 + r. Let x be u(0). Suppose 5*l - x = 2*k, -6*k + 5*l = -k + 10. What is the units digit of k?
2
Let t be 22/(-6) + 8/12. Let m = t + 20. What is the units digit of m?
7
Let a be (50/(-35))/((-1)/7). Let g(d) = d + 7. What is the units digit of g(a)?
7
Suppose -c - 4*t - 271 = -2*c, -2*c - t + 524 = 0. What is the tens digit of c?
6
Suppose 252 = -2*s - s. Let k = s + 125. What is the units digit of k?
1
Suppose -2*v + 28 - 4 = 0. What is the units digit of v?
2
Suppose 2*y - 3*y + 2*h = 19, 5*y + 2*h + 47 = 0. Let p(a) = -3*a + 3. What is the tens digit of p(y)?
3
Suppose -4*n + 88 = 3*p, -2*n + 3*p = -4 - 22. What is the units digit of n?
9
Suppose -5*z - 6 = 2*d - 28, -d + 5 = z. Suppose 0 = -4*g - 5*t, z*t = 4*g - 42 + 6. Suppose u - 9 = -u + 5*a, -a = g*u - 36. What is the units digit of u?
7
Let o(g) = g**2 + 6*g - 7. Let w be o(-7). Suppose f - 1 = -w. What is the units digit of f?
1
What is the units digit of 31/3 - 18/(-27)?
1
Let s(x) = 1 + 2*x**3 + x**2 - 1. What is the units digit of s(1)?
3
Suppose 7 = 2*p - 7. Let q be (21 + -1)*(-8)/(-10). Let n = q - p. What is the units digit of n?
9
Let j(b) = b**2 + b - 10. Let a be j(-8). Suppose s - a = -s. What is the units digit of s?
3
Let s = 46 - 27. What is the units digit of s?
9
Let o(p) = -p - 3. Let z be o(-7). Let h = 0 + z. What is the units digit of h?
4
Let d = -33 + 36. Let h = 31 + 0. Suppose -2*n = 2, d*i - i = n + h. What is the units digit of i?
5
Let x = -8 + 11. Suppose b - 3 = -j - 3*b, -x*b - 24 = -j. Suppose m + 12 = 5*c - 2*c, j = c - 4*m. What is the units digit of c?
3
Suppose 0 = -4*x + 9*x + 355. Let l = x + 99. What is the units digit of l?
8
Let z(w) = -7*w**3 + 7*w**2 - 4*w + 6. Let b(f) = 10*f**3 - 10*f**2 + 6*f - 9. Let c(d) = 5*b(d) + 7*z(d). What is the tens digit of c(3)?
2
Let b be 0 + 3*(5 - 2). Let w = b + -8. What is the units digit of w?
1
Let a = 419 - 218. What is the hundreds digit of a?
2
Suppose 0 = v - 5*f - 39, 5*f + 83 = 2*v + 20. Let o = -13 + v. Suppose -5*d = 2*a + 11, -3*a + o = 2*d - 0*d. What is the units digit of a?
7
Let j be 4/6 - ((-80)/15 + 2). Suppose 14 = 2*u + 4*x, 0*u - 4*u - 4*x + 44 = 0. Suppose -l = -j*l + u. What is the units digit of l?
5
Suppose 11 = 2*f + n, 4*f - 22 = -3*n - 1. What is the tens digit of 142/f - (-20)/(-30)?
2
Let m(w) = 2*w**2 + 9*w + 5. What is the tens digit of m(-7)?
4
Let d be (-15)/(-6)*36/30. Let s(p) = p**3 - 2*p**2 + 3*p + 2. What is the units digit of s(d)?
0
Let q(a) = 2*a - 3. Let w = -8 - -13. What is the units digit of q(w)?
7
Suppose p + x = -1 + 3, 0 = -3*p - 4*x + 3. Let b be p/1 + (-2 - 1). Suppose -5*d = -4*a - a - 85, -3*a - 38 = -b*d. What is the tens digit of d?
1
What is the units digit of 260 - (3 - 0)*-1?
3
Let a = 7 + 1. Suppose 2*f = 6*f - 12. Suppose -f*n + a = n. What is the units digit of n?
2
Let g = -13 - -9. Let n(b) = b**2 - 3*b - 6. What is the tens digit of n(g)?
2
Suppose 0*o + o - 5 = 0. Suppose o*u + 3*y = 232, 2*u - 95 = -y + 2*y. What is the tens digit of u?
4
Suppose b = -2 - 3. Let s = -7 - b. Let o(j) = j**3 + 4*j**2 + j - 2. What is the units digit of o(s)?
4
Suppose 6*z - 176 = -2*z. What is the units digit of z?
2
Suppose 0 = -3*d + 3*i + 2*i + 6, 5*d + 4*i - 47 = 0. What is the units digit of d?
7
Let k(h) = h**3 + 5. Let c be k(0). Let y be (-1)/(-3) - (-32)/(-24). What is the tens digit of (c - 8)/(y/4)?
1
Suppose 1496 + 1683 = 11*f. What is the tens digit of f?
8
Let x(f) = f**3 - 5*f**2 + 3*f + 1. Let i be x(4). Let b(p) = -4*p - 7. What is the units digit of b(i)?
5
Let m = 1 - 4. Let c = m + 3. Suppose -2*l + 14 = -c*l. What is the units digit of l?
7
Let z(q) = q**3 + q**2 - 1. Let d be z(1). Suppose 3*l = 2 + d. What is the units digit of l?
1
Suppose 0 = 4*b + 5*l - 19, 4 = b - 0*b + l. Suppose -x - 5*d = -2*x - 4, -x - b = -4*d. What is the tens digit of x?
1
Suppose 0*s - 2*i = s + 3, 2*s - i = 9. What is the units digit of (s - 5)*7/(-2)?
7
Suppose -8*y = -0*y - 376. What is the tens digit of y?
4
What is the hundreds digit of 199*((3 + -2)*0 + 1)?
1
Let p(o) = -o + 7. Let a be p(5). Let d be a/((-2)/1) - 2. Let i = 9 + d. What is the units digit of i?
6
Suppose 6*k - 2*k = 284. What is the tens digit of k?
7
What is the tens digit of ((-66)/15)/(1/(-5))?
2
Let g(k) = -k**3 - k**2 - k + 38. What is the tens digit of g(0)?
3
Let o(k) = -k**2 - 5*k + 4. Let r = 8 + -13. What is the units digit of o(r)?
4
Suppose 29 - 11 = 4*c + 2*o, 3*o = 3*c. Suppose x = -5*h + 35 + 22, -c = -h - 3*x. What is the units digit of h?
2
Let j(z) be the first derivative of -1/4*z**4 + 2*z**3 - 3*z + 9/2*z**2 - 1. What is the tens digit of j(7)?
1
Let i(z) be the second derivative of z**5/20 - 2*z**3/3 - 3*z. Suppose -1 = -3*l + 8. What is the tens digit of i(l)?
1
Let j = 2 + -3. Let q = j + 6. Suppose -4*a = -q*d + 65, -5*d + 50 = 3*a - 15. What is the units digit of d?
3
Let z(w) = -4*w**2 - 2*w. Let l(p) = -4*p**2 - 2*p. Let b(q) = -4*l(q) + 3*z(q). What is the tens digit of b(2)?
2
Let y(k) be the first derivative of k**3/3 + k**2 + k - 1. Let a be y(-2). What is the units digit of (1 + 2 - 1)*a?
2
Suppose 2*c - 109 = -3*c + g, -g - 46 = -2*c. Let u = c + -9. What is the tens digit of u?
1
What is the units digit of (-53)/(-4) + 8/(-32)?
3
Suppose -5*s + 13 + 7 = -4*v, -3*s - 5*v = 25. Suppose -2*m - m - 105 = s. What is the units digit of 5/2*(-28)/m?
2
Suppose -15 = -6*z + 3*z. Suppose -z*j - 15 = -8*j. Suppose -3*x + 7 = g - 3, 4*g + j = -3*x. What is the units digit of x?
5
Let z = 2 + -27. Suppose -y - 3*n + 46 = 0, 0 + 2 = n. Let w = y + z. What is the units digit of w?
5
Let b be (-2)/(-6) + 24/9. Let z(a) be the first derivative of a**2 - 2*a + 1. What is the units digit of z(b)?
4
Suppose 237 - 89 = -4*u. Let m = u + 60. Suppose -4*f + 8 = 2*t - 6, -2*f + 5*t = m. What is the units digit of f?
1
Let x(j) = -1 - j**2 + 3*j**2 + 0*j + 2*j. What is the units digit of x(-2)?
3
Let b(f) = 2 + 0 + 2 - f + 0. Let r be b(4). Suppose 3*x = p - r*x - 24, x - 44 = -4*p. What is the units digit of p?
2
Suppose -40 = -2*j + 26. What is the tens digit of j?
3
Let x be 26*(12/(-8) + 1). Let o = x - -51. What is the tens digit of o?
3
Let k(z) = z**3 + 6*z**2 - 7*z - 2. Let t be k(-7). Let q be ((-1)/t)/((-1)/(-6)). Suppose 0 = -q*j - 0*j + 33. What is the tens digit of j?
1
Suppose -5*b = 2*x + 5, 3 = -x + 5*x - 3*b. Suppose -a + 5*a - 60 = x. Suppose 3*q - a = 0, 5*q - 15 = -0*m + m. What is the units digit of m?
0
Let f be ((-10)/(-6))/((-3)/(-9)). Suppose 5*k - f - 20 = 0. What is the units digit of k?
5
Let y(l) = l. Let w(m) = 3*m**2 - 3*m + 10. Let u(o) = w(o) + 6*y(o). What is the tens digit of u(-4)?
4
Suppose 475 = -39*u + 44*u. What is the tens digit of u?
9
Let i be (-8 - -9)*(3 - 1). Suppose c - 1 = -2*h + i, 4*c + 20 = 0. Suppose 5*d + 51 = h*v, -4*v + 2*d + 66 = 12. What is the tens digit of v?
1
Suppose -2*a - 9 - 1 = -4*f, a = f - 2. Let l(v) = 3*v**3 - v + 1. Let m be l(a). Suppose -4*h - 10 = -x, -2*h - 14 = -m*x + x. What is the units digit of x?
6
Let s(p) = p + 23. Let r be s(-12). Let h = -8 + r. What is the units digit of h?
3
Let g be (5 + 1)/(2/(-6)). What is the units digit of ((-6)/g)/(1/18)?
6
Let m be 5/(-10) + 74/(-4). Let b = m + 29. What is the units digit of 44/b + 4/(-10)?
4
Let a = 76 - 6. Suppose f = 6*f - a. What is the tens digit of f?
1
Suppose -4*z = -3*k - z - 3, z = -3*k - 3. What is the units digit of (-207)/(-36) - k/4?
6
Let y be (136/12)/((-2)/(-3)). Suppose -y = -z - 5*o - 0, -z = o - 17. What is the units digit of z?
7
What is the units digit of (2/(-8))/((-2)/24)?
3
Let b be (-3)/15 + (-16)/(-5). Suppose a - b*a = -8. What is the units digit of a?
4
Let v = 664 + -471. What is the units digit of v?
3
Suppose 0*d - 5*d - 4*n + 77 = 0, d + 5*n = 7. What is the tens digit of d?
1
Suppose 7*i - 417 = 500. What is the units digit of i?
1
Let f(u) = 6*u**3 - 5*u - 3. Let p be f(-2). Let d = 96 + p. What is the units digit of 